{"id":9257,"date":"2024-06-13T09:34:33","date_gmt":"2024-06-13T09:34:33","guid":{"rendered":"https:\/\/www.caffenerodelletna.com\/?post_type=product&#038;p=9257"},"modified":"2025-06-26T08:40:11","modified_gmt":"2025-06-26T08:40:11","slug":"capsula-nespresso-nero-delletna","status":"publish","type":"product","link":"https:\/\/www.caffenerodelletna.com\/index.php\/prodotto\/capsula-nespresso-nero-delletna\/","title":{"rendered":"Capsula Nespresso Nero dell&#8217;etna"},"content":{"rendered":"<p>La capsula Nero dell&#8217;Etna compatibile con le macchine da caff\u00e8 Nespresso , \u00e8 una miscela forte robusta e intensa. Si tratta di un caff\u00e8 gustoso e corposo, perfetto per chi ama un caff\u00e8 deciso ed intenso. Confezione da 50 capsule.<\/p>\n","protected":false},"excerpt":{"rendered":"<p><img decoding=\"async\" loading=\"lazy\" class=\"alignnone size-medium wp-image-9277\" src=\"https:\/\/www.caffenerodelletna.com\/wp-content\/uploads\/2024\/06\/902-1-339x300.jpg\" alt=\"\" width=\"339\" height=\"300\" srcset=\"https:\/\/www.caffenerodelletna.com\/wp-content\/uploads\/2024\/06\/902-1-339x300.jpg 339w, https:\/\/www.caffenerodelletna.com\/wp-content\/uploads\/2024\/06\/902-1-904x800.jpg 904w, https:\/\/www.caffenerodelletna.com\/wp-content\/uploads\/2024\/06\/902-1-768x680.jpg 768w, https:\/\/www.caffenerodelletna.com\/wp-content\/uploads\/2024\/06\/902-1-1536x1360.jpg 1536w, https:\/\/www.caffenerodelletna.com\/wp-content\/uploads\/2024\/06\/902-1-860x761.jpg 860w, https:\/\/www.caffenerodelletna.com\/wp-content\/uploads\/2024\/06\/902-1-430x381.jpg 430w, https:\/\/www.caffenerodelletna.com\/wp-content\/uploads\/2024\/06\/902-1-700x620.jpg 700w, https:\/\/www.caffenerodelletna.com\/wp-content\/uploads\/2024\/06\/902-1-150x133.jpg 150w, https:\/\/www.caffenerodelletna.com\/wp-content\/uploads\/2024\/06\/902-1.jpg 1920w\" sizes=\"(max-width: 339px) 100vw, 339px\" \/><\/p>\n","protected":false},"featured_media":9277,"comment_status":"open","ping_status":"closed","template":"","meta":[],"product_cat":[72],"product_tag":[],"_links":{"self":[{"href":"https:\/\/www.caffenerodelletna.com\/index.php\/wp-json\/wp\/v2\/product\/9257"}],"collection":[{"href":"https:\/\/www.caffenerodelletna.com\/index.php\/wp-json\/wp\/v2\/product"}],"about":[{"href":"https:\/\/www.caffenerodelletna.com\/index.php\/wp-json\/wp\/v2\/types\/product"}],"replies":[{"embeddable":true,"href":"https:\/\/www.caffenerodelletna.com\/index.php\/wp-json\/wp\/v2\/comments?post=9257"}],"version-history":[{"count":3,"href":"https:\/\/www.caffenerodelletna.com\/index.php\/wp-json\/wp\/v2\/product\/9257\/revisions"}],"predecessor-version":[{"id":9278,"href":"https:\/\/www.caffenerodelletna.com\/index.php\/wp-json\/wp\/v2\/product\/9257\/revisions\/9278"}],"wp:featuredmedia":[{"embeddable":true,"href":"https:\/\/www.caffenerodelletna.com\/index.php\/wp-json\/wp\/v2\/media\/9277"}],"wp:attachment":[{"href":"https:\/\/www.caffenerodelletna.com\/index.php\/wp-json\/wp\/v2\/media?parent=9257"}],"wp:term":[{"taxonomy":"product_cat","embeddable":true,"href":"https:\/\/www.caffenerodelletna.com\/index.php\/wp-json\/wp\/v2\/product_cat?post=9257"},{"taxonomy":"product_tag","embeddable":true,"href":"https:\/\/www.caffenerodelletna.com\/index.php\/wp-json\/wp\/v2\/product_tag?post=9257"}],"curies":[{"name":"wp","href":"https:\/\/api.w.org\/{rel}","templated":true}]}}

<p>La capsula Nero dell&#8217;Etna compatibile con le macchine da caffè Nespresso , è una miscela forte robusta e intensa. Si tratta di un caffè gustoso e corposo, perfetto per chi ama un caffè deciso ed intenso. Confezione da 50 capsule.</p>
